the prime factors of 3459?
3, 1153
What are the prime factors of 23196?
2, 3, 1933
What are the prime factors of 4340?
2, 5, 7, 31
What are the prime factors of 9256?
2, 13, 89
List the prime factors of 167.
167
List the prime factors of 5517.
3, 613
What are the prime factors of 2747?
41, 67
What are the prime factors of 5344?
2, 167
What are the prime factors of 1000?
2, 5
What are the prime factors of 28779?
3, 53, 181
What are the prime factors of 1319?
1319
What are the prime factors of 32332?
2, 59, 137
List the prime factors of 9340.
2, 5, 467
List the prime factors of 152.
2, 19
What are the prime factors of 15107?
15107
List the prime factors of 23377.
97, 241
List the prime factors of 14694.
2, 3, 31, 79
List the prime factors of 64257.
3, 21419
What are the prime factors of 3260?
2, 5, 163
List the prime factors of 474.
2, 3, 79
List the prime factors of 11769.
3, 3923
List the prime factors of 5462.
2, 2731
What are the prime factors of 95082?
2, 3, 13, 23, 53
What are the prime factors of 4881?
3, 1627
What are the prime factors of 27798?
2, 3, 41, 113
List the prime factors of 25026.
2, 3, 43, 97
List the prime factors of 1583.
1583
List the prime factors of 4952.
2, 619
List the prime factors of 45916.
2, 13, 883
What are the prime factors of 7482?
2, 3, 29, 43
What are the prime factors of 3275?
5, 131
What are the prime factors of 15792?
2, 3, 7, 47
What are the prime factors of 55866?
2, 3, 9311
What are the prime factors of 7085?
5, 13, 109
What are the prime factors of 9501?
3, 3167
What are the prime factors of 2273?
2273
What are the prime factors of 34835?
5, 6967
List the prime factors of 2272.
2, 71
List the prime factors of 2071.
19, 109
List the prime factors of 1904.
2, 7, 17
List the prime factors of 2469.
3, 823
List the prime factors of 18479.
17, 1087
List the prime factors of 1048.
2, 131
List the prime factors of 17329.
13, 31, 43
What are the prime factors of 130000?
2, 5, 13
What are the prime factors of 52?
2, 13
What are the prime factors of 77577?
3, 19, 1361
List the prime factors of 17674.
2, 8837
List the prime factors of 44668.
2, 13, 859
What are the prime factors of 62010?
2, 3, 5, 13, 53
What are the prime factors of 1645?
5, 7, 47
What are the prime factors of 351?
3, 13
List the prime factors of 13787.
17, 811
What are the prime factors of 1116?
2, 3, 31
What are the prime factors of 667?
23, 29
List the prime factors of 76410.
2, 3, 5, 283
What are the prime factors of 123?
3, 41
What are the prime factors of 3326?
2, 1663
List the prime factors of 325.
5, 13
List the prime factors of 2496.
2, 3, 13
What are the prime factors of 1847?
1847
What are the prime factors of 19016?
2, 2377
List the prime factors of 65415.
3, 5, 7, 89
What are the prime factors of 8331?
3, 2777
What are the prime factors of 10688?
2, 167
List the prime factors of 14372.
2, 3593
What are the prime factors of 3781?
19, 199
List the prime factors of 29431.
19, 1549
What are the prime factors of 6779?
6779
List the prime factors of 40548.
2, 3, 31, 109
What are the prime factors of 458?
2, 229
List the prime factors of 1571.
1571
What are the prime factors of 789?
3, 263
List the prime factors of 3878.
2, 7, 277
List the prime factors of 848.
2, 53
List the prime factors of 38443.
37, 1039
List the prime factors of 824.
2, 103
What are the prime factors of 15?
3, 5
What are the prime factors of 15026?
2, 11, 683
List the prime factors of 8663.
8663
What are the prime factors of 2106?
2, 3, 13
List the prime factors of 1571.
1571
List the prime factors of 6595.
5, 1319
List the prime factors of 1005.
3, 5, 67
List the prime factors of 60131.
157, 383
What are the prime factors of 10278?
2, 3, 571
List the prime factors of 32050.
2, 5, 641
What are the prime factors of 52448?
2, 11, 149
List the prime factors of 3608.
2, 11, 41
List the prime factors of 385.
5, 7, 11
List the prime factors of 19576.
2, 2447
What are the prime factors of 151?
151
What are the prime factors of 49111?
67, 733
List the prime factors of 1271.
31, 41
What are the prime factors of 3328?
2, 13
List the prime factors of 4221.
3, 7, 67
List the prime factors of 89.
89
What are the prime factors of 24192?
2, 3, 7
List the prime factors of 299.
13, 23
What are the prime factors of 88?
2, 11
List the prime factors of 19395.
3, 5, 431
List the prime factors of 54245.
5, 19, 571
What are the prime factors of 2646?
2, 3, 7
What are the prime factors of 945?
3, 5, 7
List the prime factors of 5230.
2, 5, 523
What are the prime factors of 11830?
2, 5, 7, 13
List the prime factors of 10.
2, 5
What are the prime factors of 218?
2, 109
What are the prime factors of 179802?
2, 3, 7, 1427
What are the prime factors of 1643?
31, 53
What are the prime factors of 97?
97
What are the prime factors of 1622?
2, 811
List the prime factors of 81423.
3, 83, 109
List the prime factors of 464.
2, 29
List the prime factors of 34331.
11, 3121
List the prime factors of 904.
2, 113
List the prime factors of 21213.
3, 2357
What are the prime factors of 6551?
6551
What are the prime factors of 74268?
2, 3, 2063
List the prime factors of 10784.
2, 337
What are the prime factors of 4744?
2, 593
List the prime factors of 4029.
3, 17, 79
What are the prime factors of 417?
3, 139
What are the prime factors of 281?
281
List the prime factors of 14020.
2, 5, 701
List the prime factors of 7310.
2, 5, 17, 43
List the prime factors of 4408.
2, 19, 29
What are the prime factors of 4378?
2, 11, 199
List the prime factors of 8954.
2, 11, 37
List the prime factors of 1205.
5, 241
List the prime factors of 2820.
2, 3, 5, 47
What are the prime factors of 151093?
139, 1087
What are the prime factors of 11814?
2, 3, 11, 179
What are the prime factors of 138908?
2, 7, 11, 41
List the prime factors of 1013.
1013
What are the prime factors of 23582?
2, 13, 907
List the prime factors of 31269.
3, 7, 1489
What are the prime factors of 54401?
54401
List the prime factors of 99415.
5, 59, 337
List the prime factors of 5762.
2, 43, 67
What are the prime factors of 652?
2, 163
What are the prime factors of 73333?
13, 5641
List the prime factors of 64064.
2, 7, 11, 13
List the prime factors of 4840.
2, 5, 11
What are the prime factors of 1500?
2, 3, 5
List the prime factors of 6540.
2, 3, 5, 109
List the prime factors of 1105.
5, 13, 17
What are the prime factors of 597?
3, 199
What are the prime factors of 70581?
3, 7, 3361
What are the prime factors of 1205?
5, 241
List the prime factors of 8912.
2, 557
What are the prime factors of 3789?
3, 421
List the prime factors of 11553.
3, 3851
List the prime factors of 61647.
3, 20549
What are the prime factors of 48523?
48523
What are the prime factors of 14346?
2, 3, 797
List the prime factors of 4076.
2, 1019
What are the prime factors of 7530?
2, 3, 5, 251
List the prime factors of 100359.
3, 7, 59
What are the prime factors of 2720?
2, 5, 17
What are the prime factors of 2485?
5, 7, 71
What are the prime factors of 3019?
3019
What are the prime factors of 2718?
2, 3, 151
What are the prime factors of 16406?
2, 13, 631
What are the prime factors of 2706?
2, 3, 11, 41
List the prime factors of 43959.
3, 14653
What are the prime factors of 5140?
2, 5, 257
List the prime factors of 2342.
2, 1171
List the prime factors of 1084.
2, 271
What are the prime factors of 29916?
2, 3, 277
List the prime factors of 3582.
2, 3, 199
List the prime factors of 85856.
2, 2683
List the prime factors of 6817.
17, 401
What are the prime factors of 15429?
3, 37, 139
List the prime factors of 18081.
3, 7, 41
What are the prime factors of 45788?
2, 11447
What are the prime factors of 1417?
13, 109
What are the prime factors of 3222?
2, 3, 179
List the prime factors of 2734.
2, 1367
What are the prime factors of 2444?
2, 13, 47
What are the prime factors of 712?
2, 89
List the prime factors of 20648.
2, 29, 89
What are the prime factors of 8376?
2, 3, 349
List the prime factors of 617.
617
List the prime factors of 720.
2, 3, 5
What are the prime factors of 5022?
2, 3, 31
What are the prime factors of 4645?
5, 929
List the prime factors of 2674.
2, 7, 191
List the prime factors of 1277.
1277
What are the prime factors of 1204?
2, 7, 43
List the prime factors of 15076.
2, 3769
List